{"id":143,"date":"2019-02-25T01:01:38","date_gmt":"2019-02-25T00:01:38","guid":{"rendered":"http:\/\/derechocivil.umh.es\/?page_id=143"},"modified":"2019-02-25T19:18:04","modified_gmt":"2019-02-25T18:18:04","slug":"doble-grado-en-derecho-y-administracion-y-direccion-de-empresas-dade","status":"publish","type":"page","link":"https:\/\/derechocivil.umh.es\/en\/docencia\/grado\/doble-grado-en-derecho-y-administracion-y-direccion-de-empresas-dade\/","title":{"rendered":"<span lang=\"es\">(Espa\u00f1ol) Doble Grado en Derecho y Administraci\u00f3n y Direcci\u00f3n de Empresas (DADE)<\/span>"},"content":{"rendered":"<p class=\"qtranxs-available-languages-message qtranxs-available-languages-message-en\">Sorry, this entry is only available in <a href=\"https:\/\/derechocivil.umh.es\/es\/wp-json\/wp\/v2\/pages\/143\" class=\"qtranxs-available-language-link qtranxs-available-language-link-es\" title=\"Espa\u00f1ol\">European Spanish<\/a>.<\/p>","protected":false},"excerpt":{"rendered":"<p>Sorry, this entry is only available in European Spanish.<\/p>\n","protected":false},"author":4349,"featured_media":0,"parent":113,"menu_order":0,"comment_status":"closed","ping_status":"closed","template":"","meta":{"_et_pb_use_builder":"","_et_pb_old_content":"","_et_gb_content_width":"","_links_to":"","_links_to_target":""},"_links":{"self":[{"href":"https:\/\/derechocivil.umh.es\/en\/wp-json\/wp\/v2\/pages\/143"}],"collection":[{"href":"https:\/\/derechocivil.umh.es\/en\/wp-json\/wp\/v2\/pages"}],"about":[{"href":"https:\/\/derechocivil.umh.es\/en\/wp-json\/wp\/v2\/types\/page"}],"author":[{"embeddable":true,"href":"https:\/\/derechocivil.umh.es\/en\/wp-json\/wp\/v2\/users\/4349"}],"replies":[{"embeddable":true,"href":"https:\/\/derechocivil.umh.es\/en\/wp-json\/wp\/v2\/comments?post=143"}],"version-history":[{"count":0,"href":"https:\/\/derechocivil.umh.es\/en\/wp-json\/wp\/v2\/pages\/143\/revisions"}],"up":[{"embeddable":true,"href":"https:\/\/derechocivil.umh.es\/en\/wp-json\/wp\/v2\/pages\/113"}],"wp:attachment":[{"href":"https:\/\/derechocivil.umh.es\/en\/wp-json\/wp\/v2\/media?parent=143"}],"curies":[{"name":"wp","href":"https:\/\/api.w.org\/{rel}","templated":true}]}}

<span lang="es">(Español) Doble Grado en Derecho y Administración y Dirección de Empresas (DADE)</span>

<p class="qtranxs-available-languages-message qtranxs-available-languages-message-en">Sorry, this entry is only available in <a href="https://derechocivil.umh.es/es/wp-json/wp/v2/pages/143" class="qtranxs-available-language-link qtranxs-available-language-link-es" title="Español">European Spanish</a>.</p>
