{"id":23,"date":"2013-05-17T17:18:11","date_gmt":"2013-05-17T17:18:11","guid":{"rendered":"http:\/\/derechocivil.umh.es\/investigacion\/proyectos\/participacion-en-proyectos-idi-financiados-en-convocatorias-competitivas-de-la-administracion-publica\/"},"modified":"2019-04-09T17:13:07","modified_gmt":"2019-04-09T15:13:07","slug":"participacion-en-proyectos-idi-financiados-en-convocatorias-competitivas-de-la-administracion-publica","status":"publish","type":"page","link":"https:\/\/derechocivil.umh.es\/ca\/investigacion\/proyectos\/participacion-en-proyectos-idi-financiados-en-convocatorias-competitivas-de-la-administracion-publica\/","title":{"rendered":"<span lang=\"es\">(Espa\u00f1ol) Participaci\u00f3n en proyectos I+D+i financiados en convocatorias competitivas de la Administraci\u00f3n  p\u00fablica<\/span>"},"content":{"rendered":"<p><\/p>\n<p><\/p>","protected":false},"excerpt":{"rendered":"","protected":false},"author":2794,"featured_media":0,"parent":22,"menu_order":0,"comment_status":"closed","ping_status":"open","template":"","meta":{"_et_pb_use_builder":"","_et_pb_old_content":"","_et_gb_content_width":"","_links_to":"","_links_to_target":""},"_links":{"self":[{"href":"https:\/\/derechocivil.umh.es\/ca\/wp-json\/wp\/v2\/pages\/23"}],"collection":[{"href":"https:\/\/derechocivil.umh.es\/ca\/wp-json\/wp\/v2\/pages"}],"about":[{"href":"https:\/\/derechocivil.umh.es\/ca\/wp-json\/wp\/v2\/types\/page"}],"author":[{"embeddable":true,"href":"https:\/\/derechocivil.umh.es\/ca\/wp-json\/wp\/v2\/users\/2794"}],"replies":[{"embeddable":true,"href":"https:\/\/derechocivil.umh.es\/ca\/wp-json\/wp\/v2\/comments?post=23"}],"version-history":[{"count":0,"href":"https:\/\/derechocivil.umh.es\/ca\/wp-json\/wp\/v2\/pages\/23\/revisions"}],"up":[{"embeddable":true,"href":"https:\/\/derechocivil.umh.es\/ca\/wp-json\/wp\/v2\/pages\/22"}],"wp:attachment":[{"href":"https:\/\/derechocivil.umh.es\/ca\/wp-json\/wp\/v2\/media?parent=23"}],"curies":[{"name":"wp","href":"https:\/\/api.w.org\/{rel}","templated":true}]}}

<span lang="es">(Español) Participación en proyectos I+D+i financiados en convocatorias competitivas de la Administración  pública</span>
